{"id":112,"date":"2013-11-29T10:03:22","date_gmt":"2013-11-29T09:03:22","guid":{"rendered":"http:\/\/91.236.55.103\/~monter\/sample\/?page_id=112"},"modified":"2026-01-07T16:59:16","modified_gmt":"2026-01-07T15:59:16","slug":"rada-nadzorcza-zarzad","status":"publish","type":"page","link":"http:\/\/smlub.pl\/index.php\/rada-nadzorcza-zarzad\/","title":{"rendered":"Rada Nadzorcza, Zarz\u0105d"},"content":{"rendered":"<h2><span style=\"color: #0000ff;\">Zarz\u0105d Sp\u00f3\u0142dzielni od 25.05.2017 r.<\/span><\/h2>\n<ol>\n \t<li>\n<pre><span style=\"font-family: tahoma,arial,helvetica,sans-serif; font-size: 16px;\">mgr Janina Witko\u015b\u00a0\u00a0 \u00a0\u00a0\u00a0 \u00a0 \u00a0      - Osoba Zarz\u0105dzaj\u0105ca<\/span><\/pre>\n<\/li>\n \t<li>\n<pre><span style=\"font-family: tahoma,arial,helvetica,sans-serif; font-size: 16px;\">Henryk Bauer\u00a0\u00a0 \u00a0                   - Z-ca Prezesa - nieetatowy Cz\u0142onek Zarz\u0105du<\/span><\/pre>\n<\/li>\n \t<li>\n<pre><span style=\"font-family: tahoma,arial,helvetica,sans-serif; font-size: 16px;\">Jan \u015awieboda\u00a0\u00a0\u00a0\u00a0\u00a0\u00a0\u00a0\u00a0\u00a0              - nieetatowy Cz\u0142onek Zarz\u0105du<\/span><\/pre>\n<\/li>\n<\/ol>\n<h4><\/h4>\n<h2><span style=\"color: #0000ff;\">Rada Nadzorcza od 06.05.2025 r.<\/span><\/h2>\n<ol>\n \t<li style=\"text-align: left;\">\n<pre><span style=\"font-family: tahoma,arial,helvetica,sans-serif; font-size: 16px;\">Roman \u0141a\u0144cucki \u00a0 \u00a0 \u00a0 \u00a0\u00a0          - Przewodnicz\u0105cy Rady<\/span><\/pre>\n<\/li>\n \t<li>\n<pre><span style=\"font-family: tahoma,arial,helvetica,sans-serif; font-size: 16px;\"> Wies\u0142aw Osuch           \u00a0\u00a0\u00a0 \u00a0   - Z-ca Przewodnicz\u0105cego<\/span><\/pre>\n<\/li>\n \t<li>\n<pre><span style=\"font-family: tahoma,arial,helvetica,sans-serif; font-size: 16px;\">Kazimierz Wa\u0107 \u00a0\u00a0\u00a0\u00a0\u00a0\u00a0\u00a0\u00a0\u00a0\u00a0\u00a0\u00a0\u00a0\u00a0\u00a0\u00a0\u00a0   - Sekretarz Rady<\/span><\/pre>\n<\/li>\n \t<li>\n<pre><span style=\"font-family: tahoma,arial,helvetica,sans-serif; font-size: 16px;\">Jan Kot            \u00a0 \u00a0      \u00a0\u00a0 \u00a0      - Przewodnicz\u0105cy Komisji Rewizyjnej i Eksploatacji Zasob\u00f3w\n                                            Mieszkaniowych<\/span><\/pre>\n<\/li>\n \t<li>\n<pre><span style=\"font-family: tahoma,arial,helvetica,sans-serif; font-size: 16px;\">Marek Soli\u0142o             \u00a0\u00a0 \u00a0 \u00a0     - Cz\u0142onek Komisji Rewizyjnej i Eksploatacji Zasob\u00f3w \n                                            Mieszkaniowych<\/span><\/pre>\n<\/li>\n \t<li>\n<pre><span style=\"font-family: tahoma,arial,helvetica,sans-serif; font-size: 16px;\">Wies\u0142aw Ro\u017cek     \u00a0\u00a0 \u00a0\u00a0\u00a0 \u00a0       - Cz\u0142onek Komisji Rewizyjnej i Eksploatacji Zasob\u00f3w \n                                            Mieszkaniowych<\/span><\/pre>\n<\/li>\n \t<li>\n<pre><span style=\"font-family: tahoma,arial,helvetica,sans-serif; font-size: 16px;\">Jerzy Morawski \u00a0\u00a0\u00a0\u00a0\u00a0 \u00a0           -  Cz\u0142onek Rady<\/span><\/pre>\n<\/li>\n<\/ol>","protected":false},"excerpt":{"rendered":"<p>Zarz\u0105d Sp\u00f3\u0142dzielni od 25.05.2017 r. mgr Janina Witko\u015b\u00a0\u00a0 \u00a0\u00a0\u00a0 \u00a0 \u00a0 &#8211; Osoba Zarz\u0105dzaj\u0105ca Henryk Bauer\u00a0\u00a0 \u00a0 &#8211; Z-ca Prezesa &#8211; nieetatowy Cz\u0142onek Zarz\u0105du Jan \u015awieboda\u00a0\u00a0\u00a0\u00a0\u00a0\u00a0\u00a0\u00a0\u00a0 &#8211; nieetatowy Cz\u0142onek Zarz\u0105du Rada Nadzorcza od 06.05.2025 r. Roman \u0141a\u0144cucki \u00a0 \u00a0 \u00a0 \u00a0\u00a0 &#8211; Przewodnicz\u0105cy Rady Wies\u0142aw Osuch \u00a0\u00a0\u00a0 \u00a0 &#8211; Z-ca Przewodnicz\u0105cego Kazimierz Wa\u0107 \u00a0\u00a0\u00a0\u00a0\u00a0\u00a0\u00a0\u00a0\u00a0\u00a0\u00a0\u00a0\u00a0\u00a0\u00a0\u00a0\u00a0 &#8211; [&hellip;]<\/p>\n","protected":false},"author":1,"featured_media":0,"parent":0,"menu_order":0,"comment_status":"open","ping_status":"open","template":"","meta":{"footnotes":""},"aioseo_notices":[],"_links":{"self":[{"href":"http:\/\/smlub.pl\/index.php\/wp-json\/wp\/v2\/pages\/112"}],"collection":[{"href":"http:\/\/smlub.pl\/index.php\/wp-json\/wp\/v2\/pages"}],"about":[{"href":"http:\/\/smlub.pl\/index.php\/wp-json\/wp\/v2\/types\/page"}],"author":[{"embeddable":true,"href":"http:\/\/smlub.pl\/index.php\/wp-json\/wp\/v2\/users\/1"}],"replies":[{"embeddable":true,"href":"http:\/\/smlub.pl\/index.php\/wp-json\/wp\/v2\/comments?post=112"}],"version-history":[{"count":41,"href":"http:\/\/smlub.pl\/index.php\/wp-json\/wp\/v2\/pages\/112\/revisions"}],"predecessor-version":[{"id":2454,"href":"http:\/\/smlub.pl\/index.php\/wp-json\/wp\/v2\/pages\/112\/revisions\/2454"}],"wp:attachment":[{"href":"http:\/\/smlub.pl\/index.php\/wp-json\/wp\/v2\/media?parent=112"}],"curies":[{"name":"wp","href":"https:\/\/api.w.org\/{rel}","templated":true}]}}

Rada Nadzorcza, Zarząd

<h2><span style="color: #0000ff;">Zarząd Spółdzielni od 25.05.2017 r.</span></h2>
<ol>
 	<li>
<pre><span style="font-family: tahoma,arial,helvetica,sans-serif; font-size: 16px;">mgr Janina Witkoś                - Osoba Zarządzająca</span></pre>
</li>
 	<li>
<pre><span style="font-family: tahoma,arial,helvetica,sans-serif; font-size: 16px;">Henryk Bauer                       - Z-ca Prezesa - nieetatowy Członek Zarządu</span></pre>
</li>
 	<li>
<pre><span style="font-family: tahoma,arial,helvetica,sans-serif; font-size: 16px;">Jan Świeboda                       - nieetatowy Członek Zarządu</span></pre>
</li>
</ol>
<h4></h4>
<h2><span style="color: #0000ff;">Rada Nadzorcza od 06.05.2025 r.</span></h2>
<ol>
 	<li style="text-align: left;">
<pre><span style="font-family: tahoma,arial,helvetica,sans-serif; font-size: 16px;">Roman Łańcucki                   - Przewodniczący Rady</span></pre>
</li>
 	<li>
<pre><span style="font-family: tahoma,arial,helvetica,sans-serif; font-size: 16px;"> Wiesław Osuch                   - Z-ca Przewodniczącego</span></pre>
</li>
 	<li>
<pre><span style="font-family: tahoma,arial,helvetica,sans-serif; font-size: 16px;">Kazimierz Wać                     - Sekretarz Rady</span></pre>
</li>
 	<li>
<pre><span style="font-family: tahoma,arial,helvetica,sans-serif; font-size: 16px;">Jan Kot                               - Przewodniczący Komisji Rewizyjnej i Eksploatacji Zasobów
                                            Mieszkaniowych</span></pre>
</li>
 	<li>
<pre><span style="font-family: tahoma,arial,helvetica,sans-serif; font-size: 16px;">Marek Soliło                        - Członek Komisji Rewizyjnej i Eksploatacji Zasobów 
                                            Mieszkaniowych</span></pre>
</li>
 	<li>
<pre><span style="font-family: tahoma,arial,helvetica,sans-serif; font-size: 16px;">Wiesław Rożek                    - Członek Komisji Rewizyjnej i Eksploatacji Zasobów 
                                            Mieszkaniowych</span></pre>
</li>
 	<li>
<pre><span style="font-family: tahoma,arial,helvetica,sans-serif; font-size: 16px;">Jerzy Morawski                   -  Członek Rady</span></pre>
</li>
</ol>

<p>Zarząd Spółdzielni od 25.05.2017 r. mgr Janina Witkoś           &#8211; Osoba Zarządzająca Henryk Bauer     &#8211; Z-ca Prezesa &#8211; nieetatowy Członek Zarządu Jan Świeboda          &#8211; nieetatowy Członek Zarządu Rada Nadzorcza od 06.05.2025 r. Roman Łańcucki          &#8211; Przewodniczący Rady Wiesław Osuch       &#8211; Z-ca Przewodniczącego Kazimierz Wać                   &#8211; [&hellip;]</p>
